ctors of 16169.
19, 23, 37
List the prime factors of 78365.
5, 7, 2239
List the prime factors of 41559.
3, 7, 1979
What are the prime factors of 9258?
2, 3, 1543
List the prime factors of 3870.
2, 3, 5, 43
List the prime factors of 3688.
2, 461
What are the prime factors of 71550?
2, 3, 5, 53
List the prime factors of 1757.
7, 251
List the prime factors of 54547.
54547
List the prime factors of 7326.
2, 3, 11, 37
What are the prime factors of 1919?
19, 101
List the prime factors of 953.
953
What are the prime factors of 3951?
3, 439
List the prime factors of 726.
2, 3, 11
List the prime factors of 37675.
5, 11, 137
What are the prime factors of 196491?
3, 65497
What are the prime factors of 688?
2, 43
What are the prime factors of 2140?
2, 5, 107
What are the prime factors of 3123?
3, 347
What are the prime factors of 2467?
2467
List the prime factors of 591.
3, 197
List the prime factors of 183.
3, 61
What are the prime factors of 1826?
2, 11, 83
What are the prime factors of 12830?
2, 5, 1283
List the prime factors of 13539.
3, 4513
List the prime factors of 43975.
5, 1759
What are the prime factors of 638?
2, 11, 29
What are the prime factors of 3716?
2, 929
What are the prime factors of 12263?
12263
What are the prime factors of 6411?
3, 2137
What are the prime factors of 8065?
5, 1613
What are the prime factors of 1139?
17, 67
What are the prime factors of 12215?
5, 7, 349
What are the prime factors of 13690?
2, 5, 37
List the prime factors of 9407.
23, 409
List the prime factors of 9612.
2, 3, 89
What are the prime factors of 2719?
2719
What are the prime factors of 2098?
2, 1049
What are the prime factors of 14053?
13, 23, 47
List the prime factors of 724.
2, 181
List the prime factors of 1717.
17, 101
List the prime factors of 1419.
3, 11, 43
List the prime factors of 511.
7, 73
What are the prime factors of 95985?
3, 5, 79
What are the prime factors of 6689?
6689
What are the prime factors of 3115?
5, 7, 89
List the prime factors of 3382.
2, 19, 89
What are the prime factors of 9692?
2, 2423
List the prime factors of 102645.
3, 5, 2281
What are the prime factors of 5992?
2, 7, 107
What are the prime factors of 270?
2, 3, 5
List the prime factors of 368.
2, 23
What are the prime factors of 17995?
5, 59, 61
What are the prime factors of 2106?
2, 3, 13
List the prime factors of 90.
2, 3, 5
What are the prime factors of 4265?
5, 853
What are the prime factors of 51510?
2, 3, 5, 17, 101
List the prime factors of 6558.
2, 3, 1093
What are the prime factors of 5870?
2, 5, 587
List the prime factors of 2412.
2, 3, 67
What are the prime factors of 14506?
2, 7253
What are the prime factors of 15806?
2, 7, 1129
What are the prime factors of 1820?
2, 5, 7, 13
List the prime factors of 694.
2, 347
List the prime factors of 23919.
3, 7, 17, 67
What are the prime factors of 10537?
41, 257
List the prime factors of 51475.
5, 29, 71
What are the prime factors of 4968?
2, 3, 23
What are the prime factors of 22625?
5, 181
What are the prime factors of 116307?
3, 12923
What are the prime factors of 73910?
2, 5, 19, 389
List the prime factors of 88020.
2, 3, 5, 163
What are the prime factors of 15959?
15959
List the prime factors of 231.
3, 7, 11
List the prime factors of 61354.
2, 30677
List the prime factors of 18128.
2, 11, 103
List the prime factors of 3183.
3, 1061
List the prime factors of 1560.
2, 3, 5, 13
List the prime factors of 71783.
23, 3121
List the prime factors of 970.
2, 5, 97
What are the prime factors of 423?
3, 47
What are the prime factors of 96954?
2, 3, 11, 13, 113
List the prime factors of 905.
5, 181
List the prime factors of 40463.
43, 941
List the prime factors of 81675.
3, 5, 11
What are the prime factors of 1074?
2, 3, 179
What are the prime factors of 89627?
89627
What are the prime factors of 11569?
23, 503
What are the prime factors of 585?
3, 5, 13
What are the prime factors of 4333?
7, 619
What are the prime factors of 5095?
5, 1019
What are the prime factors of 2606?
2, 1303
What are the prime factors of 109033?
107, 1019
What are the prime factors of 26011?
19, 37
List the prime factors of 8005.
5, 1601
List the prime factors of 2735.
5, 547
What are the prime factors of 3044?
2, 761
List the prime factors of 37981.
19, 1999
List the prime factors of 1216.
2, 19
What are the prime factors of 20522?
2, 31, 331
List the prime factors of 18.
2, 3
List the prime factors of 2842.
2, 7, 29
List the prime factors of 4498.
2, 13, 173
List the prime factors of 4332.
2, 3, 19
What are the prime factors of 2576?
2, 7, 23
What are the prime factors of 16638?
2, 3, 47, 59
List the prime factors of 2757.
3, 919
List the prime factors of 25562.
2, 12781
What are the prime factors of 17967?
3, 53, 113
List the prime factors of 2426.
2, 1213
List the prime factors of 298.
2, 149
List the prime factors of 425.
5, 17
What are the prime factors of 600?
2, 3, 5
What are the prime factors of 20772?
2, 3, 577
List the prime factors of 1437.
3, 479
What are the prime factors of 30406?
2, 23, 661
List the prime factors of 530.
2, 5, 53
What are the prime factors of 108603?
3, 11, 1097
List the prime factors of 1525.
5, 61
List the prime factors of 30374.
2, 15187
What are the prime factors of 94742?
2, 127, 373
What are the prime factors of 50595?
3, 5, 3373
What are the prime factors of 2190?
2, 3, 5, 73
What are the prime factors of 16492?
2, 7, 19, 31
List the prime factors of 553.
7, 79
What are the prime factors of 63414?
2, 3, 13, 271
List the prime factors of 1411.
17, 83
List the prime factors of 24515.
5, 4903
List the prime factors of 648.
2, 3
List the prime factors of 1946.
2, 7, 139
List the prime factors of 1149.
3, 383
What are the prime factors of 3307?
3307
List the prime factors of 6644.
2, 11, 151
List the prime factors of 37759.
61, 619
List the prime factors of 120394.
2, 17, 3541
List the prime factors of 949.
13, 73
List the prime factors of 1505.
5, 7, 43
What are the prime factors of 137871?
3, 15319
List the prime factors of 79911.
3, 13, 683
List the prime factors of 3131.
31, 101
What are the prime factors of 2917?
2917
List the prime factors of 94523.
11, 13, 661
List the prime factors of 3587.
17, 211
What are the prime factors of 930?
2, 3, 5, 31
List the prime factors of 4355.
5, 13, 67
List the prime factors of 82458.
2, 3, 509
What are the prime factors of 3220?
2, 5, 7, 23
What are the prime factors of 1617?
3, 7, 11
List the prime factors of 1306.
2, 653
What are the prime factors of 55297?
11, 457
List the prime factors of 48.
2, 3
What are the prime factors of 83836?
2, 20959
What are the prime factors of 10272?
2, 3, 107
List the prime factors of 71774.
2, 17, 2111
List the prime factors of 2683.
2683
What are the prime factors of 5155?
5, 1031
List the prime factors of 68170.
2, 5, 17, 401
What are the prime factors of 6791?
6791
What are the prime factors of 383?
383
What are the prime factors of 7966?
2, 7, 569
What are the prime factors of 25447?
25447
List the prime factors of 46637.
149, 313
List the prime factors of 1028.
2, 257
List the prime factors of 10403.
101, 103
What are the prime factors of 84729?
3, 61, 463
What are the prime factors of 43699?
89, 491
What are the prime factors of 783?
3, 29
List the prime factors of 12174.
2, 3, 2029
What are the prime factors of 27674?
2, 101, 137
List the prime factors of 9428.
2, 2357
What are the prime factors of 2122?
2, 1061
List the prime factors of 9592.
2, 11, 109
What are the prime factors of 4717?
53, 89
What are the prime factors of 1353?
3, 11, 41
What are the prime factors of 101?
101
List the prime factors of 2767.
2767
What are the prime factors of 2840?
2, 5, 71
What are the prime factors of 5425?
5, 7, 31
List the prime factors of 929.
929
List the prime factors of 7718.
2, 17, 227
List the prime factors of 560.
2, 5, 7
List the prime factors of 68894.
2, 7, 19, 37
What are the prime factors of 54007?
53, 1019
What are the prime factors of 8758?
2, 29, 151
List the prime factors of 656.
2, 41
List the prime factors of 2604.
2, 3, 7, 31
What are the prime factors of 2357?
2357
What are the prime factors of 22817?
22817
What are the prime factors of 63847?
7, 1303
What are the prime factors of 5976?
2, 3, 83
What are the prime factors